{"id":505,"date":"2016-02-24T18:51:12","date_gmt":"2016-02-24T17:51:12","guid":{"rendered":"http:\/\/mula.es\/policialocal\/?page_id=505"},"modified":"2016-03-02T19:57:18","modified_gmt":"2016-03-02T18:57:18","slug":"seguridad-ciudadana","status":"publish","type":"page","link":"https:\/\/mula.es\/policialocal\/seguridad-ciudadana\/","title":{"rendered":"Secci\u00f3n de Seguridad Ciudadana"},"content":{"rendered":"<p style=\"text-align: justify;\">\u00a0\u00a0 La <strong>Secci\u00f3n de Seguridad Ciudadana<\/strong> tiene como misi\u00f3n la potenciaci\u00f3n de la protecci\u00f3n del libre ejercicio de los derechos y libertades de los ciudadanos mediante la prevenci\u00f3n del delito, auxilio y atenci\u00f3n a los requerimientos de la poblaci\u00f3n, realizando, entre otras, las siguientes misiones:<\/p>\n<ul>\n<li style=\"text-align: justify;\">Vigilancia de \u00e1reas sensibles de comisi\u00f3n de hechos delictivos.<\/li>\n<li style=\"text-align: justify;\">Control de zonas afectadas por el tr\u00e1fico o consumo de drogas al menudeo.<\/li>\n<li style=\"text-align: justify;\">Reacci\u00f3n ante cualquier eventualidad que ponga en riesgo la seguridad ciudadana,\u00a0las personas o\u00a0sus bienes.<\/li>\n<li style=\"text-align: justify;\">Realizaci\u00f3n de planes especiales de seguridad y de proximidad a los ciudadanos para la prevenci\u00f3n de la delincuencia<\/li>\n<li style=\"text-align: justify;\">Resoluci\u00f3n amistosa de los conflictos que lo permitan<\/li>\n<\/ul>\n<p><img loading=\"lazy\" decoding=\"async\" class=\"aligncenter wp-image-482 size-full\" src=\"https:\/\/mula.es\/policialocal\/wp-content\/uploads\/2016\/02\/policias-464.gif\" alt=\"policias-464\" width=\"278\" height=\"216\" \/><\/p>\n","protected":false},"excerpt":{"rendered":"<p>\u00a0\u00a0 La Secci\u00f3n de Seguridad Ciudadana tiene como misi\u00f3n la potenciaci\u00f3n de la protecci\u00f3n del libre ejercicio de los derechos y libertades de los ciudadanos mediante la prevenci\u00f3n del delito, auxilio y atenci\u00f3n a los requerimientos de la poblaci\u00f3n, realizando, entre otras, las siguientes misiones: Vigilancia de \u00e1reas sensibles de comisi\u00f3n de hechos delictivos. Control &#8230; <a title=\"Secci\u00f3n de Seguridad Ciudadana\" class=\"read-more\" href=\"https:\/\/mula.es\/policialocal\/seguridad-ciudadana\/\" aria-label=\"Leer m\u00e1s sobre Secci\u00f3n de Seguridad Ciudadana\">Leer m\u00e1s<\/a><\/p>\n","protected":false},"author":2,"featured_media":0,"parent":0,"menu_order":0,"comment_status":"closed","ping_status":"closed","template":"","meta":{"ngg_post_thumbnail":0,"footnotes":""},"class_list":["post-505","page","type-page","status-publish"],"_hostinger_reach_plugin_has_subscription_block":false,"_hostinger_reach_plugin_is_elementor":false,"_links":{"self":[{"href":"https:\/\/mula.es\/policialocal\/wp-json\/wp\/v2\/pages\/505","targetHints":{"allow":["GET"]}}],"collection":[{"href":"https:\/\/mula.es\/policialocal\/wp-json\/wp\/v2\/pages"}],"about":[{"href":"https:\/\/mula.es\/policialocal\/wp-json\/wp\/v2\/types\/page"}],"author":[{"embeddable":true,"href":"https:\/\/mula.es\/policialocal\/wp-json\/wp\/v2\/users\/2"}],"replies":[{"embeddable":true,"href":"https:\/\/mula.es\/policialocal\/wp-json\/wp\/v2\/comments?post=505"}],"version-history":[{"count":4,"href":"https:\/\/mula.es\/policialocal\/wp-json\/wp\/v2\/pages\/505\/revisions"}],"predecessor-version":[{"id":884,"href":"https:\/\/mula.es\/policialocal\/wp-json\/wp\/v2\/pages\/505\/revisions\/884"}],"wp:attachment":[{"href":"https:\/\/mula.es\/policialocal\/wp-json\/wp\/v2\/media?parent=505"}],"curies":[{"name":"wp","href":"https:\/\/api.w.org\/{rel}","templated":true}]}}