{"version":"1.0","provider_name":"Ayuntamiento de Mula","provider_url":"https:\/\/mula.es\/web","author_name":"admin","author_url":"https:\/\/mula.es\/web\/author\/jose-maria-boti\/","title":"FESTEJOS | Premio cartel \"Fiestas de septiembre 2022\" - Ayuntamiento de Mula","type":"rich","width":600,"height":338,"html":"<blockquote class=\"wp-embedded-content\" data-secret=\"c0uJFOciN0\"><a href=\"https:\/\/mula.es\/web\/festejos-premio-cartel-fiestas-de-septiembre-2022\/\">FESTEJOS | Premio cartel \u00abFiestas de septiembre 2022\u00bb<\/a><\/blockquote><iframe sandbox=\"allow-scripts\" security=\"restricted\" src=\"https:\/\/mula.es\/web\/festejos-premio-cartel-fiestas-de-septiembre-2022\/embed\/#?secret=c0uJFOciN0\" width=\"600\" height=\"338\" title=\"\u00abFESTEJOS | Premio cartel \u00abFiestas de septiembre 2022\u00bb\u00bb \u2014 Ayuntamiento de Mula\" data-secret=\"c0uJFOciN0\" frameborder=\"0\" marginwidth=\"0\" marginheight=\"0\" scrolling=\"no\" class=\"wp-embedded-content\"><\/iframe><script type=\"text\/javascript\">\n\/* <![CDATA[ *\/\n\/*! This file is auto-generated *\/\n!function(d,l){\"use strict\";l.querySelector&&d.addEventListener&&\"undefined\"!=typeof URL&&(d.wp=d.wp||{},d.wp.receiveEmbedMessage||(d.wp.receiveEmbedMessage=function(e){var t=e.data;if((t||t.secret||t.message||t.value)&&!\/[^a-zA-Z0-9]\/.test(t.secret)){for(var s,r,n,a=l.querySelectorAll('iframe[data-secret=\"'+t.secret+'\"]'),o=l.querySelectorAll('blockquote[data-secret=\"'+t.secret+'\"]'),c=new RegExp(\"^https?:$\",\"i\"),i=0;i<o.length;i++)o[i].style.display=\"none\";for(i=0;i<a.length;i++)s=a[i],e.source===s.contentWindow&&(s.removeAttribute(\"style\"),\"height\"===t.message?(1e3<(r=parseInt(t.value,10))?r=1e3:~~r<200&&(r=200),s.height=r):\"link\"===t.message&&(r=new URL(s.getAttribute(\"src\")),n=new URL(t.value),c.test(n.protocol))&&n.host===r.host&&l.activeElement===s&&(d.top.location.href=t.value))}},d.addEventListener(\"message\",d.wp.receiveEmbedMessage,!1),l.addEventListener(\"DOMContentLoaded\",function(){for(var e,t,s=l.querySelectorAll(\"iframe.wp-embedded-content\"),r=0;r<s.length;r++)(t=(e=s[r]).getAttribute(\"data-secret\"))||(t=Math.random().toString(36).substring(2,12),e.src+=\"#?secret=\"+t,e.setAttribute(\"data-secret\",t)),e.contentWindow.postMessage({message:\"ready\",secret:t},\"*\")},!1)))}(window,document);\n\/\/# sourceURL=https:\/\/mula.es\/web\/wp-includes\/js\/wp-embed.min.js\n\/* ]]> *\/\n<\/script>\n","thumbnail_url":"https:\/\/mula.es\/web\/wp-content\/uploads\/2020\/06\/escudo-cuadrado-e1591045058235.jpg","thumbnail_width":200,"thumbnail_height":218,"description":"El Excmo. Ayuntamiento de Mula, a trav\u00e9s de la Concejal\u00eda de Festejos, convoca el\u00a0concurso PREMIO CARTEL \u201cFIESTAS DE SEPTIEMBRE 2022\u201d El tema estar\u00e1 relacionado con las Fiestas de Septiembre. Los originales podr\u00e1n confeccionarse con libertad de procedimiento (pintura, fotograf\u00eda, collage, montaje fotogr\u00e1fico, soporte inform\u00e1tico, etc.). No llevar\u00e1 texto alguno, salvo a criterio del autor\/a, en [...]"}

El Excmo. Ayuntamiento de Mula, a través de la Concejalía de Festejos, convoca el concurso PREMIO CARTEL “FIESTAS DE SEPTIEMBRE 2022” El tema estará relacionado con las Fiestas de Septiembre. Los originales podrán confeccionarse con libertad de procedimiento (pintura, fotografía, collage, montaje fotográfico, soporte informático, etc.). No llevará texto alguno, salvo a criterio del autor/a, en [...]
