{"version":"1.0","provider_name":"Ayuntamiento de Mula","provider_url":"https:\/\/mula.es\/web","author_name":"Mar\u00eda Bel\u00e9n Sumba Bravo","author_url":"https:\/\/mula.es\/web\/author\/mbsumba\/","title":"SEGURIDAD CIUDADANA| Precauci\u00f3n ante los avisos de lluvia - Ayuntamiento de Mula","type":"rich","width":600,"height":338,"html":"<blockquote class=\"wp-embedded-content\" data-secret=\"QfnJoPH1vW\"><a href=\"https:\/\/mula.es\/web\/seguridad-ciudadana-precaucion-ante-los-avisos-de-lluvia\/\">SEGURIDAD CIUDADANA| Precauci\u00f3n ante los avisos de lluvia<\/a><\/blockquote><iframe sandbox=\"allow-scripts\" security=\"restricted\" src=\"https:\/\/mula.es\/web\/seguridad-ciudadana-precaucion-ante-los-avisos-de-lluvia\/embed\/#?secret=QfnJoPH1vW\" width=\"600\" height=\"338\" title=\"\u00abSEGURIDAD CIUDADANA| Precauci\u00f3n ante los avisos de lluvia\u00bb \u2014 Ayuntamiento de Mula\" data-secret=\"QfnJoPH1vW\" frameborder=\"0\" marginwidth=\"0\" marginheight=\"0\" scrolling=\"no\" class=\"wp-embedded-content\"><\/iframe><script type=\"text\/javascript\">\n\/* <![CDATA[ *\/\n\/*! This file is auto-generated *\/\n!function(d,l){\"use strict\";l.querySelector&&d.addEventListener&&\"undefined\"!=typeof URL&&(d.wp=d.wp||{},d.wp.receiveEmbedMessage||(d.wp.receiveEmbedMessage=function(e){var t=e.data;if((t||t.secret||t.message||t.value)&&!\/[^a-zA-Z0-9]\/.test(t.secret)){for(var s,r,n,a=l.querySelectorAll('iframe[data-secret=\"'+t.secret+'\"]'),o=l.querySelectorAll('blockquote[data-secret=\"'+t.secret+'\"]'),c=new RegExp(\"^https?:$\",\"i\"),i=0;i<o.length;i++)o[i].style.display=\"none\";for(i=0;i<a.length;i++)s=a[i],e.source===s.contentWindow&&(s.removeAttribute(\"style\"),\"height\"===t.message?(1e3<(r=parseInt(t.value,10))?r=1e3:~~r<200&&(r=200),s.height=r):\"link\"===t.message&&(r=new URL(s.getAttribute(\"src\")),n=new URL(t.value),c.test(n.protocol))&&n.host===r.host&&l.activeElement===s&&(d.top.location.href=t.value))}},d.addEventListener(\"message\",d.wp.receiveEmbedMessage,!1),l.addEventListener(\"DOMContentLoaded\",function(){for(var e,t,s=l.querySelectorAll(\"iframe.wp-embedded-content\"),r=0;r<s.length;r++)(t=(e=s[r]).getAttribute(\"data-secret\"))||(t=Math.random().toString(36).substring(2,12),e.src+=\"#?secret=\"+t,e.setAttribute(\"data-secret\",t)),e.contentWindow.postMessage({message:\"ready\",secret:t},\"*\")},!1)))}(window,document);\n\/\/# sourceURL=https:\/\/mula.es\/web\/wp-includes\/js\/wp-embed.min.js\n\/* ]]> *\/\n<\/script>\n","thumbnail_url":"https:\/\/mula.es\/web\/wp-content\/uploads\/2023\/02\/instagram-22.png","thumbnail_width":1080,"thumbnail_height":1080,"description":"En una reuni\u00f3n de coordinaci\u00f3n entre el Gobierno Regional y Delegaci\u00f3n del Gobierno de la Regi\u00f3n de Murcia, en la que ha estado presente el alcalde de Mula, Juan Jes\u00fas Moreno, se ha decidido mantener las clases en los territorios de la Comarca del Noroeste y del R\u00edo Mula, que se encuentran en aviso amarillo. [...]"}

María Belén Sumba Bravo

SEGURIDAD CIUDADANA| Precaución ante los avisos de lluvia - Ayuntamiento de Mula

<blockquote class="wp-embedded-content" data-secret="QfnJoPH1vW"><a href="https://mula.es/web/seguridad-ciudadana-precaucion-ante-los-avisos-de-lluvia/">SEGURIDAD CIUDADANA| Precaución ante los avisos de lluvia</a></blockquote><iframe sandbox="allow-scripts" security="restricted" src="https://mula.es/web/seguridad-ciudadana-precaucion-ante-los-avisos-de-lluvia/embed/#?secret=QfnJoPH1vW" width="600" height="338" title="«SEGURIDAD CIUDADANA| Precaución ante los avisos de lluvia» — Ayuntamiento de Mula" data-secret="QfnJoPH1vW" frameborder="0" marginwidth="0" marginheight="0" scrolling="no" class="wp-embedded-content"></iframe><script type="text/javascript">
/* <![CDATA[ */
/*! This file is auto-generated */
!function(d,l){"use strict";l.querySelector&&d.addEventListener&&"undefined"!=typeof URL&&(d.wp=d.wp||{},d.wp.receiveEmbedMessage||(d.wp.receiveEmbedMessage=function(e){var t=e.data;if((t||t.secret||t.message||t.value)&&!/[^a-zA-Z0-9]/.test(t.secret)){for(var s,r,n,a=l.querySelectorAll('iframe[data-secret="'+t.secret+'"]'),o=l.querySelectorAll('blockquote[data-secret="'+t.secret+'"]'),c=new RegExp("^https?:$","i"),i=0;i<o.length;i++)o[i].style.display="none";for(i=0;i<a.length;i++)s=a[i],e.source===s.contentWindow&&(s.removeAttribute("style"),"height"===t.message?(1e3<(r=parseInt(t.value,10))?r=1e3:~~r<200&&(r=200),s.height=r):"link"===t.message&&(r=new URL(s.getAttribute("src")),n=new URL(t.value),c.test(n.protocol))&&n.host===r.host&&l.activeElement===s&&(d.top.location.href=t.value))}},d.addEventListener("message",d.wp.receiveEmbedMessage,!1),l.addEventListener("DOMContentLoaded",function(){for(var e,t,s=l.querySelectorAll("iframe.wp-embedded-content"),r=0;r<s.length;r++)(t=(e=s[r]).getAttribute("data-secret"))||(t=Math.random().toString(36).substring(2,12),e.src+="#?secret="+t,e.setAttribute("data-secret",t)),e.contentWindow.postMessage({message:"ready",secret:t},"*")},!1)))}(window,document);
//# sourceURL=https://mula.es/web/wp-includes/js/wp-embed.min.js
/* ]]> */
</script>

En una reunión de coordinación entre el Gobierno Regional y Delegación del Gobierno de la Región de Murcia, en la que ha estado presente el alcalde de Mula, Juan Jesús Moreno, se ha decidido mantener las clases en los territorios de la Comarca del Noroeste y del Río Mula, que se encuentran en aviso amarillo. [...]
